= -x - 24. What are the prime factors of q?
2, 13
Let x be 1/1 + (-15 - -3). Let j = x - -24. Let t = j - 7. What are the prime factors of t?
2, 3
Suppose -4*t - 260 = -4*q, 5*q + 0*t - 331 = 3*t. Let s be (-2)/8 + 117/(-12). List the prime factors of 3/15 - q/s.
7
Let v = -12 - -37. What are the prime factors of v?
5
Let h(v) = -v**2 - v. Let z(g) = 5*g**2 + 2*g + 6. Let t(q) = 4*h(q) + z(q). List the prime factors of t(0).
2, 3
Suppose 2*o = -16 + 12. Let s(w) = -5*w. List the prime factors of s(o).
2, 5
Suppose -32 = -2*d + 112. List the prime factors of d.
2, 3
Let n(k) = 2*k**2 + 2*k + 11. What are the prime factors of n(7)?
3, 41
Suppose -5*h - 50 = v - 269, 667 = 3*v + 5*h. What are the prime factors of v?
2, 7
List the prime factors of (-357)/(-9) + (-6)/9.
3, 13
Let z(s) = 12*s + 4. Let n be z(-5). Let j = -39 - n. What are the prime factors of j?
17
Let z be (-12)/9*(-3 + 0). Suppose -3*y + 30 = z*m, 2*y - 3*m = -4*m + 15. What are the prime factors of y?
2, 3
Let s = 19 - 15. Suppose -2*b - 10 + s = 0, 3*x - 3*b - 78 = 0. What are the prime factors of x?
23
Suppose -5*x = 3*o + 23, x - 23 = 4*o - 0*o. Let c = o + 5. Let p = 7 + c. What are the prime factors of p?
2, 3
Let n(p) = -p**3 - 3*p**2 + 2*p - 5. Let h be n(-4). Suppose -4 = -h*y + 2*y - o, 20 = 2*y - 4*o. List the prime factors of y.
2, 3
Let r be 2/(-8) + 690/8. Suppose -3*l = 4*z - 127, 0*l = 2*l + 3*z - r. Let h = l - 25. List the prime factors of h.
2, 3
Let k(s) = -3*s - 5. Let d(n) = n**2 + 8*n + 6. Let u be d(-6). What are the prime factors of k(u)?
13
Let c = -14 - -14. Suppose -j + 6*j = -2*g + 49, 0 = 2*g - 2*j - 14. Suppose -2*u + 0*u + g = c. What are the prime factors of u?
2, 3
Let p be (-2)/(-2)*16/4. Suppose -z + p*v + 17 = 2*v, -5*z = -v - 112. List the prime factors of z.
23
What are the prime factors of (-4)/(1/(16/(-2)))?
2
Suppose -3*r = -0*r - 27. Let a = 8 - r. Let t = a + 12. List the prime factors of t.
11
Let s be ((-6)/(-4) - 3)*-4. Let m = 21 + s. What are the prime factors of m?
3
Let z be (-7)/5 - 4/(-10). What are the prime factors of (1 - -1) + (0 - z)?
3
Suppose 2*n - 3 = 1. Suppose -n*b + 42 = -b. List the prime factors of 3/(9/b + 0).
2, 7
Suppose -4*d = -k + 43, -3*k - 4*d = -d - 114. What are the prime factors of k?
3, 13
Let h = -19 + 13. List the prime factors of -3*(h + 3) - 0.
3
Suppose a - 2*l - 12 = -5*l, 3*l = -3*a + 24. Suppose 0 = a*t - 3*t - 30. List the prime factors of t.
2, 5
Let t = 105 + -42. List the prime factors of t.
3, 7
Let p(b) = -b**2 + b + 3. Let l be p(0). Suppose 2*z - w + 4*w = -2, -l*z - 5*w - 5 = 0. Let h(k) = k**3 - 4*k**2 - 4*k + 2. List the prime factors of h(z).
7
Let u(d) = 4 - 4 - 1 + 3*d. Let l(y) = -y + 8. Let j be l(6). What are the prime factors of u(j)?
5
Suppose 0 = 2*s + 5*q + 45, -2*q + 0*q = 6. Let n be (-8)/(-6)*(-225)/(-10). Let v = n + s. List the prime factors of v.
3, 5
Let h(v) = -196*v**3 + 3*v**2 + 2*v + 1. What are the prime factors of h(-1)?
2, 3, 11
Let r = 2 - 11. List the prime factors of r/15 + 376/10.
37
Let b be (0 + -1)/((-3)/(-33)). What are the prime factors of 18/(-99) + (-156)/b?
2, 7
Suppose 0 = -6*o + 3*o + 6. Suppose -u - o*u = -57. What are the prime factors of u?
19
Suppose 0 = o + 2, -2*a - 3*a = -o - 342. List the prime factors of a.
2, 17
Suppose 0 = j + 3*i - 8, -10 = -3*j - j - i. Suppose -5*l - g = -2, 0*l = l + g + j. What are the prime factors of (-3)/(l + (-26)/20)?
2, 5
Suppose s + 1 - 4 = 0. Suppose -s*q - 2*q - 65 = 0. Let b = q - -21. List the prime factors of b.
2
Suppose 2 + 10 = 4*x, -5*o + x + 147 = 0. List the prime factors of (2 - -18)*12/o.
2
Let v be -9*(5 + -4 + 2). Let f = 45 + v. Suppose -h + 3*h = f. What are the prime factors of h?
3
Suppose -2*q + 2 = z, -6*z - 4*q = -3*z - 14. Suppose 2 = -4*f + z. Suppose -4*m + 3*d + 29 = 0, m - f*d - 3 + 2 = 0. What are the prime factors of m?
11
Suppose 0 = 5*f + 5*l - 120, l + l = -f + 23. List the prime factors of f.
5
Let l be ((-4)/10 - -2)*-5. Let q = -7 + 22. Let t = l + q. What are the prime factors of t?
7
Let w(u) = -u**3 + 2*u**2 + 5*u - 4. Let r be w(3). Suppose -2*l = -2*a - 2, 19 = 3*l + 2*a + 3*a. Suppose -10 = r*o - l*o. What are the prime factors of o?
2, 5
Suppose 0 = 2*b - 17 - 11. What are the prime factors of b?
2, 7
Let s(a) = 30*a**3 + a. Let q be s(1). Let y = q + -10. List the prime factors of y.
3, 7
Suppose 3*u = -11 + 2. Let n(f) = -3*f**3 - 5*f**2 - 3*f - 1. Let s be n(u). Suppose -4*v + s = 4. What are the prime factors of v?
2, 5
Let o(m) = -m**3 + 17*m**2 + 20*m + 11. What are the prime factors of o(18)?
47
Suppose -5 = 7*j - 2*j. Let r be j/(((-9)/(-6))/(-3)). Suppose 0*o - r*o + 14 = 0. List the prime factors of o.
7
Suppose 2*p - 12 = -0*p. Let t(q) = -2*q - 4. Let j be t(p). Let f = 27 + j. What are the prime factors of f?
11
Let y(b) = -2*b**2 + b - 1. Let d(x) = x**2 + x - 1. Let f(c) = 4*d(c) + y(c). What are the prime factors of f(-5)?
2, 5
Let a = 98 - 70. Let w be a/(-20) + 2/5. List the prime factors of (w - 18/2)/(-1).
2, 5
Suppose 4*g - 15 = 101. Suppose r = -h - 2*h - 34, 2*h + g = -r. Let c = -13 - r. List the prime factors of c.
2, 3
Let z(q) = q**2 + 13*q + 7. What are the prime factors of z(-14)?
3, 7
Let s be 3/((-1)/(-9)*3). Suppose 3*g = 21 + s. What are the prime factors of g?
2, 5
Suppose 9*q + 3 = 10*q. Suppose q*g - 51 = -0*g. What are the prime factors of g?
17
List the prime factors of 1*-3 + 0 + 11.
2
Let n = 4 - -16. What are the prime factors of n?
2, 5
Suppose 2 = -2*f - 5*m, 2*f = 5*m + 17 + 1. Suppose -u - f*y = 14 - 0, -4*y - 44 = -4*u. List the prime factors of u.
2, 3
Let r be (-4)/(-6) + (-32)/3. Let m = r + 20. What are the prime factors of m?
2, 5
Suppose 4*q = -4*u + u + 400, -5*q + 500 = 5*u. Suppose -5*z + 10*z = q. List the prime factors of z.
2, 5
Let h = -2 - -3. Let m(x) = 3*x**3 - x**2 - x + 1. Let j be m(h). What are the prime factors of (4/(-4))/(j/(-8))?
2
What are the prime factors of (13 + 54)*2/2?
67
Let c(o) = 20*o**3 - o**2 - o + 1. Let f(w) = w**2 - 5*w + 5. Let b be f(4). What are the prime factors of c(b)?
19
Let j = 45 + -29. Suppose -2 = -2*o + 8. Suppose u = -5*p + p + j, p - o*u + 17 = 0. What are the prime factors of p?
3
Let z = 25 + 7. List the prime factors of z.
2
Suppose 0 = -3*s - 4 + 19. Let y(c) = c**3 - 5*c**2 + 3*c - 4. What are the prime factors of y(s)?
11
What are the prime factors of 3/(51/(-30) - -2)?
2, 5
Let r(f) = -f**2 + 6*f - 3. Let b = 3 - -3. Let j be r(b). Let v(i) = -i**2 - 7*i - 1. What are the prime factors of v(j)?
11
Suppose 5*c = 2*q + 265, 2*c - 4*q = q + 127. Let i = -78 + c. Let b = -15 - i. What are the prime factors of b?
2, 3
Suppose 15 = 3*s, -5*i + 3*s + 175 = -2*s. Let w = 5 + i. Suppose m - w = -4*m. What are the prime factors of m?
3
Let d be (-1)/2 + 14/4. Suppose -7 + d = -2*g. List the prime factors of g.
2
Let x(p) = -2*p**3 - 5*p**2 - 9*p + 1. List the prime factors of x(-4).
5, 17
Suppose 2*l + 52 = s + 181, l - 54 = 4*s. List the prime factors of l.
2, 3, 11
Let n be (1 - 3/2)*0. Let v be -4 + n + 0 - 2. Let q(b) = b**3 + 6*b**2 - 2*b - 5. List the prime factors of q(v).
7
Suppose -5*d + 15 = -30. Let i be -5 + 3/(d/(-3)). Let p = i + 10. List the prime factors of p.
2
Suppose 2*k = 4, 1 = 4*n - 3*k - 1. Let m be ((-2)/(-4))/((-4)/(-40)). Suppose -m*b + 6 = -n*b. What are the prime factors of b?
2
Let m = -9 + 17. Let j(a) = -a**2 + 9*a + 5. What are the prime factors of j(m)?
13
Suppose -118 = -5*s + 2*b, -4*s - 2*b = -0*b - 98. List the prime factors of s.
2, 3
Suppose 41 - 374 = -3*f. What are the prime factors of f?
3, 37
Let q = 5 + -4. Let r = 0 + q. Suppose 5*n - 11 = -r. What are the prime factors of n?
2
Suppose 200 = 3*h + h. Suppose -2*i + 4*i + h = 0. Let c = i + 36. List the prime factors of c.
11
Suppose -7*z + 115 = -438. What are the prime factors of z?
79
Let u = -9 - -13. Suppose -g - 2*h - 3 = 3*h, 0 = -2*g + u*h + 22. Let o = g + 5. List the prime factors of o.
2, 3
Let v(g) = 5*g - 4*g + 2*g**2 - g**2 + 12. Let u be v(0). What are the prime factors of u - 0*(2 + -3)?
2, 3
Suppose 4*s = -2*h + 6, -5*h - s + 15 = -6*s. List the prime factors of h - (2 + -3 + 1).
3
Let f(b) = 2*b. Let q be f(1). Suppose u = 5*s - 7 + 24, -s - 7 = -q*u. List th